 328. What is o(320)?
8
Let p(t) = t**3 - 53*t**2 - 49*t - 241. Give p(54).
29
Let d(f) = 30*f - 11362. Give d(379).
8
Let z(a) = -11*a**2 - 16*a + 486. Calculate z(6).
-6
Let d(s) = -44*s + 151. What is d(9)?
-245
Let q(v) = -48*v - 328. Give q(-7).
8
Let h(u) = 30*u - 230. What is h(6)?
-50
Let l(w) = w**3 + 5*w**2 - 36*w - 120. Give l(-4).
40
Let t(j) = -42*j - 210. Determine t(-12).
294
Let s(m) = m**2 - 33*m - 1365. Calculate s(57).
3
Let z(b) = 3*b**2 - 90*b + 616. Determine z(11).
-11
Let b(s) = s**3 - 33*s**2 + 108*s + 57. Calculate b(29).
-175
Let t(a) = -2*a**2 - 180*a - 168. What is t(-89)?
10
Let f(b) = -82*b - 1075. Calculate f(-13).
-9
Let f(l) = 4*l**3 - 20*l - 31. Determine f(-2).
-23
Let t(z) = 3*z**2 + 12*z + 46. Calculate t(-4).
46
Let n(h) = h**2 + 136*h + 772. Determine n(-6).
-8
Let g(y) = y**3 + 8*y**2 + 14*y + 43. Give g(-7).
-6
Let u(j) = 2*j**3 + 27*j**2 - 33*j + 2. Determine u(-15).
-178
Let s(q) = 8*q - 151. Determine s(20).
9
Let f(p) = p**2 + 97*p - 60. Calculate f(0).
-60
Let p(q) = 7*q**2 - 2*q - 7. Determine p(3).
50
Let x(g) = g**3 + 13*g**2 - 36*g - 7. Give x(-12).
569
Let h(s) = -4*s**2 + 56*s - 212. Give h(6).
-20
Let a(k) = 3*k**3 - 70*k**2 - 24*k - 40. Determine a(24).
536
Let s(t) = 3*t**2 + 10*t - 1096. Give s(18).
56
Let u(y) = -y**3 + 9*y**2 + 41*y - 74. What is u(12)?
-14
Let x(i) = -4*i**2 - 16*i + 38. What is x(2)?
-10
Let w(d) = d**3 + 26*d**2 - 17*d + 221. Determine w(-27).
-49
Let d(j) = -2*j**2 + 176*j + 3163. What is d(103)?
73
Let c(r) = -54*r - 816. Give c(-20).
264
Let v(k) = k**3 - 6*k**2 - 1321*k - 8612. Determine v(-7).
-2
Let k(i) = -i**2 - 12*i + 34. Calculate k(4).
-30
Let r(c) = -c**3 + 86*c**2 + 166*c + 858. Calculate r(88).
-22
Let u(k) = 50*k + 268. Give u(-7).
-82
Let f(n) = 17*n**2 + 21*n - 488. Give f(-6).
-2
Let i(u) = u**3 + 48*u**2 - 105*u - 256. Give i(-50).
-6
Let s(k) = k**3 + 101*k**2 - 122*k - 2036. Calculate s(-102).
4
Let g(h) = 36*h - 909. Determine g(25).
-9
Let d(t) = 2*t**3 + 23*t**2 - 30*t - 220. Calculate d(-12).
-4
Let x(m) = -2*m**3 + 100*m**2 - 99*m + 70. What is x(49)?
21
Let c(h) = 9*h**2 + 5*h + 1. Determine c(-1).
5
Let d(i) = -6*i - 1. Calculate d(-1).
5
Let l(s) = -s + 181. Give l(13).
168
Let d(f) = 6*f**3 - 4*f**2 - 2*f - 14. What is d(3)?
106
Let g(w) = -w**3 + 57*w**2 - 177*w + 3702. What is g(55)?
17
Let z(c) = -379*c - 12133. What is z(-32)?
-5
Let o(u) = u**3 - 30*u**2 + 124*u + 40. Determine o(25).
15
Let w(a) = 34*a**2 - 283*a - 1. Determine w(0).
-1
Let x(z) = -410*z - 61118. Determine x(-149).
-28
Let x(v) = -11*v - 78. Give x(-19).
131
Let k(h) = -h**3 + 61*h**2 + 250*h + 658. Determine k(65).
8
Let l(b) = b**3 - 35*b**2 + 74*b + 20. Determine l(33).
284
Let x(m) = 124*m - 608. Calculate x(5).
12
Let u(k) = 158*k**2 - 5*k + 4. Give u(-1).
167
Let o(p) = -p**2 + 63*p - 1052. What is o(28)?
-72
Let s(t) = -t**3 - 22*t**2 - 99*t + 91. What is s(-15)?
1
Let b(x) = 2211*x - 19898. Calculate b(9).
1
Let t(w) = -9*w**3 + 13*w**2 - 17*w + 11. Determine t(4).
-425
Let a(k) = -1340*k + 50. Calculate a(0).
50
Let j(x) = x**2 - 140*x + 1392. Give j(11).
-27
Let d(a) = 56*a + 34. Give d(0).
34
Let s(m) = -2*m**3 + 20*m**2 - 48*m + 12. Calculate s(6).
12
Let w(k) = -309*k + 4688. Determine w(16).
-256
Let p(y) = -y**3 + 29*y**2 + 99*y - 59. What is p(32)?
37
Let f(a) = 135*a + 549. What is f(-4)?
9
Let d(m) = 6*m**2 + 120*m + 15. Determine d(-20).
15
Let b(t) = -t**2 - 100*t - 1660. Give b(-21).
-1
Let h(w) = -16*w - 902. What is h(-57)?
10
Let o(p) = -p**3 - 35*p**2 + 38*p + 18. Calculate o(-36).
-54
Let p(d) = -2*d - 14. What is p(17)?
-48
Let y(a) = -2*a**2 + 5049*a - 30215. Give y(6).
7
Let p(s) = 3*s**3 - 134*s**2 - 40*s - 219. What is p(45)?
6
Let d(i) = -i**3 + 6*i**2 - 7*i - 3. Give d(2).
-1
Let x(y) = -10*y + 45. Give x(-7).
115
Let o(j) = 4*j**2 - 147*j - 9. Calculate o(37).
28
Let f(p) = p**3 + 16*p**2 + 27*p - 29. Give f(-13).
127
Let d(x) = 251*x + 26119. Give d(-104).
15
Let o(v) = -2*v**3 - 171*v**2 + 624*v + 120. What is o(-89)?
31
Let b(k) = -k**3 - 18*k**2 - 5*k - 34. Calculate b(-18).
56
Let d(v) = -2*v**2 - 51*v + 337. Determine d(-31).
-4
Let z(w) = -3*w**3 + 18*w**2 - 9*w - 26. Determine z(5).
4
Let y(a) = -6*a**2 + 42*a - 42. Give y(6).
-6
Let s(p) = 5430*p + 10855. Determine s(-2).
-5
Let h(x) = 3*x**2 + 38*x - 496. Determine h(8).
0
Let p(f) = -5*f**3 - 20*f**2 - 71*f - 163. Give p(-3).
5
Let t(x) = 5532*x - 12. Calculate t(0).
-12
Let w(r) = -3*r**3 + 274*r**2 - 91*r + 10. Give w(91).
10
Let h(s) = -5*s**2 + 278*s + 843. What is h(-3)?
-36
Let k(h) = -30*h**2 + 91*h - 1. What is k(3)?
2
Let w(i) = 157*i + 13184. Calculate w(-84).
-4
Let a(o) = -24*o + 485. What is a(20)?
5
Let z(q) = 173*q + 7273. Give z(-42).
7
Let z(a) = -84*a**2 - 7*a - 5. Determine z(-1).
-82
Let d(i) = i**3 - i**2 - 43*i - 73. Calculate d(-5).
-8
Let k(y) = -53*y**2 + y - 1. Calculate k(2).
-211
Let t(k) = k**3 + 21*k**2 + 92*k - 12. Give t(-6).
-24
Let z(a) = 472*a - 6130. Give z(13).
6
Let i(w) = 5*w**2 - 60*w + 180. What is i(8)?
20
Let f(k) = -47*k**2 - 203*k + 11. What is f(-4)?
71
Let u(n) = -n**2 + 69*n - 1015. Calculate u(44).
85
Let h(y) = 5*y - 17. Give h(5).
8
Let m(v) = 4*v**2 - 107*v + 209. What is m(2)?
11
Let l(i) = -100*i + 2876. Determine l(32).
-324
Let u(i) = 95*i - 67. Give u(2).
123
Let x(u) = -1388*u + 9715. Determine x(7).
-1
Let w(n) = -22*n**2 + 703*n - 641. Determine w(31).
10
Let g(v) = 333*v + 1275. Calculate g(-4).
-57
Let r(f) = f**3 + 14*f**2 + 21*f + 33. What is r(-12)?
69
Let k(s) = s**3 + 1017*s + 7462. What is k(-7)?
0
Let f(o) = -o**3 - 127*o**2 + 121*o - 897. Determine f(-128).
-1
Let p(v) = 10*v**2 + 177*v - 174. What is p(-18)?
-120
Let a(j) = j**3 + 150*j**2 - 311*j - 1090. What is a(-152)?
-26
Let z(t) = -t**2 + 12*t + 107. Determine z(18).
-1
Let x(a) = -a**3 - 8*a**2 - 9*a + 20. Determine x(-7).
34
Let q(v) = -1740*v - 10461. What is q(-6)?
-21
Let g(j) = -22*j**2 + 814*j - 3. Calculate g(37).
-3
Let o(w) = -19*w - 357. Give o(-54).
669
Let r(i) = -2*i**2 - 20*i + 324. What is r(-19)?
-18
Let f(m) = -1561*m + 104589. Give f(67).
2
Let z(t) = 5*t**2 + 338*t - 873. What is z(-70)?
-33
Let x(m) = m**2 - 64*m - 256. Give x(68).
16
Let d(i) = -288*i + 13250. Determine d(46).
2
Let w(v) = -359*v + 2497. Calculate w(7).
-16
Let n(q) = -q - 1457. Calculate n(-50).
-1407
Let u(z) = z**3 - 78*z**2 - 248*z + 185. Give u(81).
-220
Let u(l) = -l**2 - 20*l - 14. Calculate u(-7).
77
Let y(q) = 7*q**3 + 5*q**2 - 12*q + 6. Determine y(1).
6
Let m(x) = -x - 125. What is m(-8)?
-117
Let v(d) = -7*d**2 + 134*d + 666. Give v(-5).
-179
Let q(o) = -27*o**3 + o**2 - 3*o - 2. Determine q(-2).
224
Let x(v) = 17*v**3 - 10*v**2 + v. Determine x(1).
8
Let x(t) = -t**2 - 6*t + 11. What is x(2)?
-5
Let g(d) = -d**2 + 41*d + 191. What is g(47)?
-91
Let t(r) = -r**3 + 12*r**2 + 129*r + 2. Determine t(-7).
30
Let u(z) = -40*z - 25. Calculate u(3).
-145
Let m(w) = -8*w**2 - w - 3. What is m(0)?
-3
Let w(y) = y**2 - 46*y + 380. Calculate w(35).
-5
Let i(z) = -7*z**3 + 3*z**2 + 52*z - 54. Determine i(1).
-6
Let k(x) = x**2 + 3*x - 374. Calculate k(18).
4
Let v(o) = 3*o**2 - 51*o + 22. What is v(13)?
-134
Let y(o) = -o**3 + o**2 + 56*o - 11. Determine y(8).
-11
Let r(l) = -13*l - 13. What is r(14)?
-195
Let s(l) = -270*l - 28355. Determine s(-105).
-5
Let m(i) = -i**3 - 38*i**2 - 36*i + 45. Calculate m(-37).
8
Let f(w) = 18*w + 345. Determine f(-17).
39
Let j(a) = -a**2 - 4*a - 9. Calculate j(-10).
-69
Let z(h) = -5*h**2 + 24*h - 6. Calculate z(4).
10
Let n(g) = g**3 - 13*g**2 - 54*g + 744. What is n(13)?
42
Let d(o) = 12*o**2 + 68*o + 45. Determine d(-5).
5
Let s(p) = -p**2 - 78*p - 664. What is s(-68)?
16
Let p(d) = -279*d**2 - d - 1. What is p(-1)?
-279
Let c(o) = -6*o**2 - 18*o + 67. Give c(6).
-257
Let y(z) = 2*z**2 + 13*z - 27. Determine y(2).
7
Let q(r) = 763*r + 1516. Give q(-2).
-10
Let c(g) = -18*g**2 - g. What is c(-2)?
-70
Let i(h) = -71*h**2 - 496*h + 3. Calculate i(-7).
-4
Let a(g) = -g**2 + 29*g + 250. Determine a(32).
154
Let o(l) = -l**3 - 7*l**2 - 51*l - 73. Calculate o(-8).
399
Let z(h) = -2*h**2 + 4*h - 28. Give z(-7).
-154
Let t(n) = 340*n - 420. Calculate t(1).
-80
Let c(u) = 35*u - 2065. What is c(69)?
350
Let l(i) = 6*i**2 +